{"id":1054,"date":"2019-01-09T12:58:54","date_gmt":"2019-01-09T12:58:54","guid":{"rendered":"https:\/\/brillosur.es\/?page_id=1054"},"modified":"2019-10-04T07:42:37","modified_gmt":"2019-10-04T07:42:37","slug":"sobre-nosotros-brillosur-servicios-de-limpieza","status":"publish","type":"page","link":"https:\/\/brillosur.es\/index.php\/sobre-nosotros-brillosur-servicios-de-limpieza\/","title":{"rendered":"SOBRE NOSOTROS | BRILLOSUR SERVICIOS DE LIMPIEZA SL"},"content":{"rendered":"<p>[vc_row][vc_column width=\u00bb1\/2&#8243;][vc_empty_space][vc_single_image image=\u00bb1046&#8243; img_size=\u00bbfull\u00bb][vc_empty_space][vc_empty_space][vc_single_image image=\u00bb1042&#8243; img_size=\u00bblarge\u00bb alignment=\u00bbcenter\u00bb][\/vc_column][vc_column width=\u00bb1\/2&#8243;][vc_column_text]<\/p>\n<p class=\"offset__1\"><strong>SOBRE NOSOTROS | BRILLOSUR SERVICIOS DE LIMPIEZA S.L.<\/strong>, es una empresa dedicada a la prestaci\u00f3n de Servicios de Limpieza tanto general, como Industrial, y de Grandes Superficies, Pulimentado y Abrillantado de suelos, tratamiento de todo tipo de suelos, hormig\u00f3n, barro, etc.; Adem\u00e1s realiza venta de productos de limpieza, mantenimiento de suelos( pulimentado y cristalizado), y limpieza de acabados de obras.<\/p>\n<p>Desde el comienzo de nuestra actividad empresarial hemos querido mantener una serie de valores que sirvan de directores para la consecuci\u00f3n de nuestros objetivos que no es m\u00e1s que el\u00a0<strong>SERVICIO PROFESIONAL<\/strong>\u00a0que satisface y garantiza al cliente.<\/p>\n<p>\u00c9stos valores son:<\/p>\n<ul>\n<li><strong>INNOVACION (Invertimos)<\/strong><\/li>\n<li><strong>SERIEDAD (Respondemos)<\/strong><\/li>\n<li><strong>CALIDAD (Cumplimos)<\/strong><\/li>\n<li><strong>HONESTIDAD (Respetamos)<\/strong><\/li>\n<li><strong>INICIATIVA (Actuamos)<\/strong><\/li>\n<\/ul>\n<p><strong>Mantenimientos &#8211; Tratamientos de suelos &#8211; Servicios de limpieza.<\/strong> Adoptamos los m\u00e9todos tradicionales de limpieza utilizando los medios t\u00e9cnicos m\u00e1s avanzados del sector, de \u00e9sta forma se unen el buen hacer de nuestros profesionales con la tecnolog\u00eda, resultando UN SERVICIO PROFESIONAL que SATISFACE y GARANTIZA a nuestros clientes unos resultados finales totalmente profesionales. Buscamos sobre todo que el cliente quede contento y satisfecho por el trabajo realizado por nuestros operarios en la provincia de C\u00e1diz.[\/vc_column_text][\/vc_column][\/vc_row][vc_row css=\u00bb.vc_custom_1547224236392{background-color: #e5e5e5 !important;}\u00bb][vc_column width=\u00bb1\/2&#8243;][vc_custom_heading text=\u00bbCONTACTO\u00bb][vc_empty_space][vc_column_text]<i class=\"fa fa-map-marker color-theme\"><\/i>Poligono Ind. Custecilla de Castro. Avda. Pantano de los Hurones s\/n parcela 10., 11600 Ubrique, C\u00e1diz<\/p>\n<p><i class=\"fa fa-phone color-theme\"><\/i>956 46 62 34 \/ 656 992 330 \/ 659 788 806<\/p>\n<p><i class=\"fa fa-globe color-theme\"><\/i>www.brillosur.com<\/p>\n<p><i class=\"fa fa-envelope-o color-theme\"><\/i>comercial@brillosur.com[\/vc_column_text][vc_empty_space][vc_column_text]<\/p>\n<h5>Cont\u00e1ctenos tambi\u00e9n a trav\u00e9s de este formulario de contacto:<\/h5>\n<p>[\/vc_column_text][vc_empty_space]\n<div class=\"wpcf7 no-js\" id=\"wpcf7-f1021-o1\" lang=\"es-ES\" dir=\"ltr\" data-wpcf7-id=\"1021\">\n<div class=\"screen-reader-response\"><p role=\"status\" aria-live=\"polite\" aria-atomic=\"true\"><\/p> <ul><\/ul><\/div>\n<form action=\"\/index.php\/wp-json\/wp\/v2\/pages\/1054#wpcf7-f1021-o1\" method=\"post\" class=\"wpcf7-form init\" aria-label=\"Formulario de contacto\" novalidate=\"novalidate\" data-status=\"init\">\n<fieldset class=\"hidden-fields-container\"><input type=\"hidden\" name=\"_wpcf7\" value=\"1021\" \/><input type=\"hidden\" name=\"_wpcf7_version\" value=\"6.1.5\" \/><input type=\"hidden\" name=\"_wpcf7_locale\" value=\"es_ES\" \/><input type=\"hidden\" name=\"_wpcf7_unit_tag\" value=\"wpcf7-f1021-o1\" \/><input type=\"hidden\" name=\"_wpcf7_container_post\" value=\"0\" \/><input type=\"hidden\" name=\"_wpcf7_posted_data_hash\" value=\"\" \/>\n<\/fieldset>\n<p><label> Tu nombre<br \/>\n<span class=\"wpcf7-form-control-wrap\" data-name=\"your-name\"><input size=\"40\" maxlength=\"400\" class=\"wpcf7-form-control wpcf7-text wpcf7-validates-as-required\" aria-required=\"true\" aria-invalid=\"false\" value=\"\" type=\"text\" name=\"your-name\" \/><\/span> <\/label>\n<\/p>\n<p><label> Tu correo electr\u00f3nico<br \/>\n<span class=\"wpcf7-form-control-wrap\" data-name=\"your-email\"><input size=\"40\" maxlength=\"400\" class=\"wpcf7-form-control wpcf7-email wpcf7-validates-as-required wpcf7-text wpcf7-validates-as-email\" aria-required=\"true\" aria-invalid=\"false\" value=\"\" type=\"email\" name=\"your-email\" \/><\/span> <\/label>\n<\/p>\n<p><label> Asunto<br \/>\n<span class=\"wpcf7-form-control-wrap\" data-name=\"your-subject\"><input size=\"40\" maxlength=\"400\" class=\"wpcf7-form-control wpcf7-text\" aria-invalid=\"false\" value=\"\" type=\"text\" name=\"your-subject\" \/><\/span> <\/label>\n<\/p>\n<p><label> Tu mensaje<br \/>\n<span class=\"wpcf7-form-control-wrap\" data-name=\"your-message\"><textarea cols=\"40\" rows=\"10\" maxlength=\"2000\" class=\"wpcf7-form-control wpcf7-textarea\" aria-invalid=\"false\" name=\"your-message\"><\/textarea><\/span> <\/label>\n<\/p>\n<p><input class=\"wpcf7-form-control wpcf7-submit has-spinner\" type=\"submit\" value=\"Enviar\" \/>\n<\/p><div class=\"wpcf7-response-output\" aria-hidden=\"true\"><\/div>\n<\/form>\n<\/div>\n[\/vc_column][vc_column width=\u00bb1\/2&#8243;][vc_empty_space height=\u00bb70px\u00bb][vc_empty_space height=\u00bb70px\u00bb][vc_gmaps link=\u00bb#E-8_JTNDaWZyYW1lJTIwc3JjJTNEJTIyaHR0cHMlM0ElMkYlMkZ3d3cuZ29vZ2xlLmNvbSUyRm1hcHMlMkZlbWJlZCUzRnBiJTNEJTIxMW0xOCUyMTFtMTIlMjExbTMlMjExZDMyMDAuNTk5MDIwMTg1MzA2JTIxMmQtNS40NTM2Mjk2ODQ1MDAzNzMlMjEzZDM2LjY2MDA5NTk3OTk3NzU4JTIxMm0zJTIxMWYwJTIxMmYwJTIxM2YwJTIxM20yJTIxMWkxMDI0JTIxMmk3NjglMjE0ZjEzLjElMjEzbTMlMjExbTIlMjExczB4ZDBkMTc3MjhlN2QzMmZmJTI1M0EweGZjNzhlN2U2YjY1MzhkNmUlMjEyc0JyaWxsb3N1ciUyQlNlcnZpY2lvcyUyQkRlJTJCTGltcGllemElMjE1ZTAlMjEzbTIlMjExc2VzJTIxMnNlcyUyMTR2MTU0NzIyNDExMjQ2NSUyMiUyMHdpZHRoJTNEJTIyNjAwJTIyJTIwaGVpZ2h0JTNEJTIyNDUwJTIyJTIwZnJhbWVib3JkZXIlM0QlMjIwJTIyJTIwc3R5bGUlM0QlMjJib3JkZXIlM0EwJTIyJTIwYWxsb3dmdWxsc2NyZWVuJTNFJTNDJTJGaWZyYW1lJTNF\u00bb][\/vc_column][\/vc_row]<\/p>\n","protected":false},"excerpt":{"rendered":"<p>[vc_row][vc_column width=\u00bb1\/2&#8243;][vc_empty_space][vc_single_image image=\u00bb1046&#8243; img_size=\u00bbfull\u00bb][vc_empty_space][vc_empty_space][vc_single_image image=\u00bb1042&#8243; img_size=\u00bblarge\u00bb alignment=\u00bbcenter\u00bb][\/vc_column][vc_column width=\u00bb1\/2&#8243;][vc_column_text] SOBRE NOSOTROS | BRILLOSUR SERVICIOS DE LIMPIEZA S.L., es una empresa dedicada a la prestaci\u00f3n de Servicios de Limpieza tanto general, como Industrial, y de Grandes Superficies, Pulimentado y Abrillantado de suelos, tratamiento de todo tipo de suelos, hormig\u00f3n, barro, etc.; Adem\u00e1s realiza venta de productos de [&hellip;]<\/p>\n","protected":false},"author":1,"featured_media":0,"parent":0,"menu_order":0,"comment_status":"closed","ping_status":"closed","template":"page-templates\/template-fullwidth.php","meta":{"footnotes":""},"class_list":["post-1054","page","type-page","status-publish","hentry"],"_links":{"self":[{"href":"https:\/\/brillosur.es\/index.php\/wp-json\/wp\/v2\/pages\/1054","targetHints":{"allow":["GET"]}}],"collection":[{"href":"https:\/\/brillosur.es\/index.php\/wp-json\/wp\/v2\/pages"}],"about":[{"href":"https:\/\/brillosur.es\/index.php\/wp-json\/wp\/v2\/types\/page"}],"author":[{"embeddable":true,"href":"https:\/\/brillosur.es\/index.php\/wp-json\/wp\/v2\/users\/1"}],"replies":[{"embeddable":true,"href":"https:\/\/brillosur.es\/index.php\/wp-json\/wp\/v2\/comments?post=1054"}],"version-history":[{"count":6,"href":"https:\/\/brillosur.es\/index.php\/wp-json\/wp\/v2\/pages\/1054\/revisions"}],"predecessor-version":[{"id":1334,"href":"https:\/\/brillosur.es\/index.php\/wp-json\/wp\/v2\/pages\/1054\/revisions\/1334"}],"wp:attachment":[{"href":"https:\/\/brillosur.es\/index.php\/wp-json\/wp\/v2\/media?parent=1054"}],"curies":[{"name":"wp","href":"https:\/\/api.w.org\/{rel}","templated":true}]}}