{"id":1060,"date":"2019-01-09T13:00:37","date_gmt":"2019-01-09T13:00:37","guid":{"rendered":"https:\/\/brillosur.es\/?page_id=1060"},"modified":"2019-01-09T13:14:27","modified_gmt":"2019-01-09T13:14:27","slug":"politica-de-cookies-y-privacidad","status":"publish","type":"page","link":"https:\/\/brillosur.es\/index.php\/politica-de-cookies-y-privacidad\/","title":{"rendered":"POL\u00cdTICA DE COOKIES Y PRIVACIDAD"},"content":{"rendered":"<p>[vc_row][vc_column][vc_custom_heading text=\u00bbPol\u00edtica de Cookies\u00bb][vc_empty_space][vc_column_text]<\/p>\n<div class=\"fusion-fullwidth fullwidth-box nonhundred-percent-fullwidth non-hundred-percent-height-scrolling\">\n<div class=\"fusion-builder-row fusion-row \">\n<div class=\"fusion-layout-column fusion_builder_column fusion_builder_column_1_1 fusion-one-full fusion-column-first fusion-column-last 1_1\">\n<div class=\"fusion-column-wrapper\" data-bg-url=\"\">\n<div class=\"fusion-text\">\n<div class=\"fusion-text\">\n<p>La visita a la Web\u00a0<strong>www.brillosur.com<\/strong>\u00a0no exige ni requiere la facilitaci\u00f3n de ning\u00fan tipo de dato de car\u00e1cter personal. En el supuesto de que el usuario proporcione alguna informaci\u00f3n de car\u00e1cter personal, los datos recogidos ser\u00e1n utilizados con la finalidad, en la forma y con las limitaciones y derechos que recoge la Ley Org\u00e1nica 15\/1999, de Protecci\u00f3n de Datos de Car\u00e1cter Personal. Los datos facilitados por los usuarios ser\u00e1n incorporados a los ficheros de los que es responsable\u00a0<em><strong>BRILLOSUR, S.L<\/strong><\/em>.<\/p>\n<p><em><strong>BRILLOSUR, S.L<\/strong><\/em>. adoptar\u00e1 todas las Medidas de Seguridad en relaci\u00f3n con los ficheros y los datos tratados en ellos, de acuerdo con lo previsto en la Ley Org\u00e1nica de Protecci\u00f3n de Datos, y normas complementarias.<\/p>\n<p><em><strong>BRILLOSUR, S.L<\/strong><\/em>. tratar\u00e1 los datos de car\u00e1cter personal que se recojan a trav\u00e9s de esta Web cumpliendo con la normativa vigente sobre protecci\u00f3n de datos. Ser\u00e1n objeto de tratamiento e incorporados en un fichero titularidad de\u00a0<em><strong>BRILLOSUR, S.L.<\/strong><\/em>,\u00a0 con domicilio social en <strong>Poligono Ind. Custecilla de Castro. Avda. Pantano de los Hurones s\/n parcela 10., 11600 Ubrique, C\u00e1diz<\/strong><\/p>\n<p>As\u00ed:<\/p>\n<ul>\n<li>La inclusi\u00f3n en ficheros es absolutamente voluntaria y es debidamente anunciada.<\/li>\n<li>Los ficheros a los que se incorporen datos personales est\u00e1n dados de alta en las Agencias de Protecci\u00f3n de Datos competentes, y protegidos por las medidas de seguridad exigidas por la legislaci\u00f3n.<\/li>\n<li>La recogida y tratamiento de los datos personales tiene como finalidad gestionar las solicitudes que el usuario realice a\u00a0<em><strong>BRILLOSUR, S.L<\/strong><\/em>.\u00a0a trav\u00e9s del sitio web y cumplir las obligaciones legales de\u00a0<em><strong>BRILLOSUR, S.L<\/strong><\/em>.\u00a0en materia de protecci\u00f3n de datos personales, as\u00ed como facilitar informaci\u00f3n sobre las campa\u00f1as que llevamos a cabo y otras finalidades que se indiquen en los formularios del sitio web donde se recaben los datos del usuario.<\/li>\n<li>Todas las personas que se incorporen al fichero creado podr\u00e1n ejercer los derechos de acceso, rectificaci\u00f3n, cancelaci\u00f3n y oposici\u00f3n en la forma prevista por la normativa vigente de protecci\u00f3n de datos.<\/li>\n<li>Los formularios a trav\u00e9s de los cuales se obtengan los datos personales de los usuarios de la p\u00e1gina Web, incluir\u00e1n las correspondientes casillas mediante la marcaci\u00f3n de las cu\u00e1les \u00e9stos deber\u00e1n manifestar la aceptaci\u00f3n de la correspondiente pol\u00edtica de privacidad.<\/li>\n<li>Los usuarios cuyos datos sean objeto de tratamiento podr\u00e1n ejercitar gratuitamente los derechos de oposici\u00f3n, acceso e informaci\u00f3n, rectificaci\u00f3n, cancelaci\u00f3n de sus datos y revocaci\u00f3n de su autorizaci\u00f3n sin efectos retroactivos dirigiendo comunicaci\u00f3n por escrito a\u00a0<em><strong>BRILLOSUR, S.L<\/strong><\/em>., <strong>Poligono Ind. Custecilla de Castro. Avda. Pantano de los Hurones s\/n parcela 10., 11600 Ubrique, C\u00e1diz<\/strong><\/li>\n<\/ul>\n<p>En el momento de proceder a la recogida de los datos se indicar\u00e1 el car\u00e1cter voluntario u obligatorio de los datos objeto de recogida. La negativa a proporcionar los datos calificados como obligatorios supondr\u00e1 la no prestaci\u00f3n o la imposibilidad de acceder al servicio para los que eran solicitados.<\/p>\n<p>En el caso de que los usuarios debieran facilitar su direcci\u00f3n de correo electr\u00f3nico para acceder a algunos de los servicios ofertados podr\u00e1n manifestar que no desean recibir ning\u00fan tipo de comunicaci\u00f3n que\u00a0<em><strong>BRILLOSUR, S.L<\/strong><\/em>.\u00a0pudiese enviar, siempre que no est\u00e9 ligada estrictamente a la finalidad para la que se solicit\u00f3 el servicio.\u00a0<em><strong>BRILLOSUR, S.L<\/strong><\/em>.\u00a0pondr\u00e1 a disposici\u00f3n de los usuarios que se hubiesen inscrito en alg\u00fan tipo de lista de correo dentro de este website los mecanismos adecuados para darse de baja de la misma.<\/p>\n<p>Deber de informaci\u00f3n LSSI<\/p>\n<p>En cumplimiento con lo previsto en la Ley 34\/2002, de 11 de julio, de Servicios de la Sociedad de la Informaci\u00f3n y Comercio Electr\u00f3nico, se comunican los siguientes datos sobre\u00a0<em><strong>BRILLOSUR, S.L<\/strong><\/em>..<\/p>\n<h5><em><strong>BRILLOSUR, S.L<\/strong><\/em>.<br \/>\nPoligono Ind. Custecilla de Castro. Avda. Pantano de los Hurones s\/n parcela 10., 11600 Ubrique, C\u00e1diz<br \/>\n<em><strong>Tel.\u00a0<i class=\"\"><\/i>956 46 62 34 \/ 656 992 330 \/ 659 788 806<\/strong><\/em><br \/>\n<em><strong>E-mail:\u00a0<a href=\"mailto:comercial@brillosur.com\">comercial@brillosur.com<\/a><\/strong><\/em><br \/>\n<em><strong><a href=\"https:\/\/brillosur.es\">www.brillosur.com<\/a><\/strong><\/em><\/h5>\n<\/div>\n<\/div>\n<\/div>\n<\/div>\n<\/div>\n<\/div>\n<p>[\/vc_column_text][\/vc_column][\/vc_row][vc_row][vc_column][vc_custom_heading text=\u00bbPol\u00edtica de Cookies\u00bb][vc_empty_space][vc_column_text]<\/p>\n<div class=\"fusion-fullwidth fullwidth-box nonhundred-percent-fullwidth non-hundred-percent-height-scrolling\">\n<div class=\"fusion-builder-row fusion-row \">\n<div class=\"fusion-layout-column fusion_builder_column fusion_builder_column_1_1 fusion-one-full fusion-column-first fusion-column-last 1_1\">\n<div class=\"fusion-column-wrapper\" data-bg-url=\"\">\n<div class=\"fusion-title title sep-underline sep-solid fusion-title-center fusion-title-size-two fusion-border-below-title\">\n<p class=\"title-heading-center\" data-fontsize=\"60\" data-lineheight=\"70\">En cumplimiento con lo dispuesto en el art\u00edculo 22.2 de la Ley 34\/2002, de 11 de julio, de Servicios de la Sociedad de la Informaci\u00f3n y de Comercio Electr\u00f3nico, esta p\u00e1gina web le informa, en esta secci\u00f3n, sobre la pol\u00edtica de recogida y tratamiento de cookies.<\/p>\n<\/div>\n<\/div>\n<\/div>\n<\/div>\n<\/div>\n<div class=\"fusion-fullwidth fullwidth-box nonhundred-percent-fullwidth non-hundred-percent-height-scrolling\">\n<div class=\"fusion-builder-row fusion-row \">\n<div class=\"fusion-layout-column fusion_builder_column fusion_builder_column_1_1 fusion-one-full fusion-column-first fusion-column-last 1_1\">\n<div class=\"fusion-column-wrapper\" data-bg-url=\"\">\n<div class=\"fusion-text\">\n<div class=\"fusion-text\">\n<p><strong>\u00bfQu\u00e9 son las cookies?<\/strong><\/p>\n<p>Una cookie es un fichero que se descarga en su ordenador al acceder a determinadas p\u00e1ginas web. Las cookies permiten a una p\u00e1gina web, entre otras cosas, almacenar y recuperar informaci\u00f3n sobre los h\u00e1bitos de navegaci\u00f3n de un usuario o de su equipo y, dependiendo de la informaci\u00f3n que contengan y de la forma en que utilice su equipo, pueden utilizarse para reconocer al usuario.<\/p>\n<p><strong>\u00bfQu\u00e9 tipos de cookies utiliza esta p\u00e1gina web?<\/strong><\/p>\n<p>Esta p\u00e1gina web utiliza los siguientes tipos de cookies:<\/p>\n<p>Cookies de an\u00e1lisis: Son aqu\u00e9llas que bien tratadas por nosotros o por terceros, nos permiten cuantificar el n\u00famero de usuarios y as\u00ed realizar la medici\u00f3n y an\u00e1lisis estad\u00edstico de la utilizaci\u00f3n que hacen los usuarios del servicio ofertado. Para ello se analiza su navegaci\u00f3n en nuestra p\u00e1gina web con el fin de mejorar la oferta de productos o servicios que le ofrecemos.<\/p>\n<p><strong>Desactivar las cookies.<\/strong><\/p>\n<p>Puede usted permitir, bloquear o eliminar las cookies instaladas en su equipo mediante la configuraci\u00f3n de las opciones del navegador instalado en su ordenador.<\/p>\n<p>En la mayor\u00eda de los navegadores web se ofrece la posibilidad de permitir, bloquear o eliminar las cookies instaladas en su equipo.<\/p>\n<p>A continuaci\u00f3n puede acceder a la configuraci\u00f3n de los navegadores webs m\u00e1s frecuentes para aceptar, instalar o desactivar las cookies:<\/p>\n<p><a href=\"https:\/\/support.google.com\/chrome\/answer\/95647?hl=es\" target=\"_blank\" rel=\"nofollow noopener\">Configurar cookies en Google Chrome<\/a><\/p>\n<p><a href=\"http:\/\/windows.microsoft.com\/es-es\/windows7\/how-to-manage-cookies-in-internet-explorer-9\" target=\"_blank\" rel=\"nofollow noopener\">Configurar cookies en Microsoft Internet Explorer<\/a><\/p>\n<p><a href=\"https:\/\/support.mozilla.org\/es\/kb\/habilitar-y-deshabilitar-cookies-sitios-web-rastrear-preferencias?redirectlocale=es&amp;redirectslug=habilitar-y-deshabilitar-cookies-que-los-sitios-we\" target=\"_blank\" rel=\"nofollow noopener\">Configurar cookies en Mozilla Firefox<\/a><\/p>\n<p><a href=\"https:\/\/support.apple.com\/es-es\/HT201265\" target=\"_blank\" rel=\"nofollow noopener\">Configurar cookies en Safari (Apple)<\/a><\/p>\n<p><strong>Cookies de terceros.<\/strong><\/p>\n<p>Esta p\u00e1gina web utiliza servicios de terceros para recopilar informaci\u00f3n con fines estad\u00edsticos y de uso de la web.<\/p>\n<p>Nuestro sitio incluye otras funcionalidades proporcionadas por terceros. Usted puede f\u00e1cilmente compartir el contenido en redes sociales como Facebook, Twitter o Google +, con los botones que hemos incluido a tal efecto.<\/p>\n<p><strong>Advertencia sobre eliminar cookies.<\/strong><\/p>\n<p>Si tiene cualquier duda acerca de nuestra pol\u00edtica de cookies, puede contactar con esta p\u00e1gina web a trav\u00e9s de nuestros canales de Contacto.<\/p>\n<\/div>\n<\/div>\n<\/div>\n<\/div>\n<\/div>\n<\/div>\n<p>[\/vc_column_text][\/vc_column][\/vc_row]<\/p>\n","protected":false},"excerpt":{"rendered":"<p>[vc_row][vc_column][vc_custom_heading text=\u00bbPol\u00edtica de Cookies\u00bb][vc_empty_space][vc_column_text] La visita a la Web\u00a0www.brillosur.com\u00a0no exige ni requiere la facilitaci\u00f3n de ning\u00fan tipo de dato de car\u00e1cter personal. En el supuesto de que el usuario proporcione alguna informaci\u00f3n de car\u00e1cter personal, los datos recogidos ser\u00e1n utilizados con la finalidad, en la forma y con las limitaciones y derechos que recoge la [&hellip;]<\/p>\n","protected":false},"author":1,"featured_media":0,"parent":0,"menu_order":0,"comment_status":"closed","ping_status":"closed","template":"page-templates\/template-fullwidth.php","meta":{"footnotes":""},"class_list":["post-1060","page","type-page","status-publish","hentry"],"_links":{"self":[{"href":"https:\/\/brillosur.es\/index.php\/wp-json\/wp\/v2\/pages\/1060","targetHints":{"allow":["GET"]}}],"collection":[{"href":"https:\/\/brillosur.es\/index.php\/wp-json\/wp\/v2\/pages"}],"about":[{"href":"https:\/\/brillosur.es\/index.php\/wp-json\/wp\/v2\/types\/page"}],"author":[{"embeddable":true,"href":"https:\/\/brillosur.es\/index.php\/wp-json\/wp\/v2\/users\/1"}],"replies":[{"embeddable":true,"href":"https:\/\/brillosur.es\/index.php\/wp-json\/wp\/v2\/comments?post=1060"}],"version-history":[{"count":3,"href":"https:\/\/brillosur.es\/index.php\/wp-json\/wp\/v2\/pages\/1060\/revisions"}],"predecessor-version":[{"id":1067,"href":"https:\/\/brillosur.es\/index.php\/wp-json\/wp\/v2\/pages\/1060\/revisions\/1067"}],"wp:attachment":[{"href":"https:\/\/brillosur.es\/index.php\/wp-json\/wp\/v2\/media?parent=1060"}],"curies":[{"name":"wp","href":"https:\/\/api.w.org\/{rel}","templated":true}]}}